{"id":13038,"date":"2025-09-17T19:01:52","date_gmt":"2025-09-17T19:01:52","guid":{"rendered":"https:\/\/akun.edu.tr\/?post_type=academic-person&#038;p=13038"},"modified":"2025-12-18T14:47:40","modified_gmt":"2025-12-18T14:47:40","slug":"ogr-gor-mitra-madani","status":"publish","type":"academic-person","link":"https:\/\/akun.edu.tr\/en\/academic-person\/ogr-gor-mitra-madani\/","title":{"rendered":"\u00d6\u011fr. G\u00f6r. Mitra MADANI"},"template":"","meta":{"_acf_changed":false},"academic-staff":[102],"class_list":["post-13038","academic-person","type-academic-person","status-publish","hentry","academic-staff-yabanci-diller-myo-akademik-kadro"],"acf":[],"_links":{"self":[{"href":"https:\/\/akun.edu.tr\/en\/wp-json\/wp\/v2\/academic-person\/13038","targetHints":{"allow":["GET"]}}],"collection":[{"href":"https:\/\/akun.edu.tr\/en\/wp-json\/wp\/v2\/academic-person"}],"about":[{"href":"https:\/\/akun.edu.tr\/en\/wp-json\/wp\/v2\/types\/academic-person"}],"wp:attachment":[{"href":"https:\/\/akun.edu.tr\/en\/wp-json\/wp\/v2\/media?parent=13038"}],"wp:term":[{"taxonomy":"academic-staff","embeddable":true,"href":"https:\/\/akun.edu.tr\/en\/wp-json\/wp\/v2\/academic-staff?post=13038"}],"curies":[{"name":"wp","href":"https:\/\/api.w.org\/{rel}","templated":true}]}}

Öğr. Gör. Mitra MADANI
