{"id":15838,"date":"2026-04-27T10:26:11","date_gmt":"2026-04-27T10:26:11","guid":{"rendered":"https:\/\/akun.edu.tr\/?post_type=academic-person&#038;p=15838"},"modified":"2026-04-29T11:41:22","modified_gmt":"2026-04-29T11:41:22","slug":"ogr-gor-aybike-girente","status":"publish","type":"academic-person","link":"https:\/\/akun.edu.tr\/en\/academic-person\/ogr-gor-aybike-girente\/","title":{"rendered":"\u00d6\u011fr. G\u00f6r. Aybike Girente"},"template":"","meta":{"_acf_changed":false},"academic-staff":[99],"class_list":["post-15838","academic-person","type-academic-person","status-publish","hentry","academic-staff-egitim-fakultesi-akademik-kadro"],"acf":[],"_links":{"self":[{"href":"https:\/\/akun.edu.tr\/en\/wp-json\/wp\/v2\/academic-person\/15838","targetHints":{"allow":["GET"]}}],"collection":[{"href":"https:\/\/akun.edu.tr\/en\/wp-json\/wp\/v2\/academic-person"}],"about":[{"href":"https:\/\/akun.edu.tr\/en\/wp-json\/wp\/v2\/types\/academic-person"}],"wp:attachment":[{"href":"https:\/\/akun.edu.tr\/en\/wp-json\/wp\/v2\/media?parent=15838"}],"wp:term":[{"taxonomy":"academic-staff","embeddable":true,"href":"https:\/\/akun.edu.tr\/en\/wp-json\/wp\/v2\/academic-staff?post=15838"}],"curies":[{"name":"wp","href":"https:\/\/api.w.org\/{rel}","templated":true}]}}

Öğr. Gör. Aybike Girente
