{"id":7291,"date":"2025-03-06T13:06:07","date_gmt":"2025-03-06T13:06:07","guid":{"rendered":"https:\/\/akun.edu.tr\/?post_type=academic-person&#038;p=7291"},"modified":"2025-09-09T21:47:42","modified_gmt":"2025-09-09T21:47:42","slug":"doc-dr-aysen-berberoglu","status":"publish","type":"academic-person","link":"https:\/\/akun.edu.tr\/en\/academic-person\/doc-dr-aysen-berberoglu\/","title":{"rendered":"Do\u00e7. Dr. Ay\u015fen BERBERO\u011eLU"},"template":"","meta":{"_acf_changed":false},"academic-staff":[98],"class_list":["post-7291","academic-person","type-academic-person","status-publish","hentry","academic-staff-isletme-fakultesi-akademik-kadro"],"acf":[],"_links":{"self":[{"href":"https:\/\/akun.edu.tr\/en\/wp-json\/wp\/v2\/academic-person\/7291","targetHints":{"allow":["GET"]}}],"collection":[{"href":"https:\/\/akun.edu.tr\/en\/wp-json\/wp\/v2\/academic-person"}],"about":[{"href":"https:\/\/akun.edu.tr\/en\/wp-json\/wp\/v2\/types\/academic-person"}],"wp:attachment":[{"href":"https:\/\/akun.edu.tr\/en\/wp-json\/wp\/v2\/media?parent=7291"}],"wp:term":[{"taxonomy":"academic-staff","embeddable":true,"href":"https:\/\/akun.edu.tr\/en\/wp-json\/wp\/v2\/academic-staff?post=7291"}],"curies":[{"name":"wp","href":"https:\/\/api.w.org\/{rel}","templated":true}]}}

Doç. Dr. Ayşen BERBEROĞLU
